{"id":122,"date":"2016-08-03T16:22:24","date_gmt":"2016-08-03T16:22:24","guid":{"rendered":"http:\/\/web2.proweaverlinks.com\/tech\/welcarepharmacy\/?page_id=122"},"modified":"2017-02-22T11:04:04","modified_gmt":"2017-02-22T11:04:04","slug":"electronic-prescribing","status":"publish","type":"page","link":"http:\/\/www.welcaresupply.com\/spanish\/electronic-prescribing","title":{"rendered":"Prescripci\u00f3n Electr\u00f3nica"},"content":{"rendered":"<p><img decoding=\"async\" src=\"http:\/\/www.welcaresupply.com\/spanish\/wp-content\/themes\/welcarepharmacy\/images\/thumbs\/electronic.jpg\" alt=\"pharmacist\" class=\"fright-img\"\/>Al igual que los m\u00e9dicos han comenzado a implementar y utilizar registros m\u00e9dicos electr\u00f3nicos en sus oficinas, tambi\u00e9n estamos ofreciendo opciones de prescripci\u00f3n electr\u00f3nica para nuestros clientes. Entonces, \u00bfqu\u00e9 es la prescripci\u00f3n electr\u00f3nica, exactamente? Es s\u00f3lo una forma m\u00e1s de trabajar para que el proceso de pedido sea m\u00e1s sencillo para usted. En Welcare Supply, simplemente aceleramos el proceso para que obtenga sus medicamentos cuando los necesite.<\/p>\n<p><strong>Racionalizaci\u00f3n del proceso<\/strong><\/p>\n<p>Con los registros electr\u00f3nicos de pacientes a nuestro alcance, prescripci\u00f3n electr\u00f3nica hace la vida m\u00e1s f\u00e1cil para nosotros tambi\u00e9n. Nuestro sistema de gesti\u00f3n de registros m\u00e9dicos electr\u00f3nicos elimina la posibilidad de errores, asegurando que su receta est\u00e9 correcta cada vez. Con un expediente m\u00e9dico computarizado en vez de un papel-basado uno, hay una ocasi\u00f3n m\u00e1s grande que usted no experimentar\u00e1 ningunos efectos secundarios negativos tampoco, especialmente si usted est\u00e1 tomando actualmente m\u00e1s de un medicamento.<\/p>\n<p><strong>Haciendo con papel<\/strong><\/p>\n<p>Se ha demostrado una y otra vez que los sistemas electr\u00f3nicos de registro de salud son el futuro. De hecho, el futuro puede incluso ser considerado hoy. Todo, desde la prescripci\u00f3n electr\u00f3nica de Medicare hasta la prescripci\u00f3n directa de su m\u00e9dico, facilita la vida de todas las partes. Los m\u00e9dicos tienen registros de pacientes f\u00e1cilmente accesibles en archivo. Podemos obtener esta informaci\u00f3n en forma electr\u00f3nica y luego podemos procesar esa informaci\u00f3n y obtener su receta listo tan pronto como sea posible.<\/p>\n<p><strong>Go Electronic<\/strong><\/p>\n<p>Abandone el papeleo y haga que su m\u00e9dico nos env\u00ede sus recetas hoy. Haremos la vida m\u00e1s f\u00e1cil para \u00e9l y para usted consiguiendo las prescripciones apropiadas entregadas a la derecha a su puerta o hecho disponible casi inmediatamente para la recolecci\u00f3n. Simplemente ll\u00e1menos hoy sin cargo al <strong> 718-599-7200 <\/strong> para comenzar.<\/p>\n","protected":false},"excerpt":{"rendered":"<p>Al igual que los m\u00e9dicos han comenzado a implementar y utilizar registros m\u00e9dicos electr\u00f3nicos en sus oficinas, tambi\u00e9n estamos ofreciendo opciones de prescripci\u00f3n electr\u00f3nica para nuestros clientes. Entonces, \u00bfqu\u00e9 es la prescripci\u00f3n electr\u00f3nica, exactamente? Es s\u00f3lo una forma m\u00e1s de trabajar para que el proceso de pedido sea m\u00e1s sencillo para usted. En Welcare Supply, &hellip; <a href=\"http:\/\/www.welcaresupply.com\/spanish\/electronic-prescribing\">Continue reading <span class=\"meta-nav\">&rarr;<\/span><\/a><\/p>\n","protected":false},"author":1,"featured_media":0,"parent":0,"menu_order":0,"comment_status":"closed","ping_status":"closed","template":"","meta":{"footnotes":""},"class_list":["post-122","page","type-page","status-publish","hentry"],"_links":{"self":[{"href":"http:\/\/www.welcaresupply.com\/spanish\/wp-json\/wp\/v2\/pages\/122","targetHints":{"allow":["GET"]}}],"collection":[{"href":"http:\/\/www.welcaresupply.com\/spanish\/wp-json\/wp\/v2\/pages"}],"about":[{"href":"http:\/\/www.welcaresupply.com\/spanish\/wp-json\/wp\/v2\/types\/page"}],"author":[{"embeddable":true,"href":"http:\/\/www.welcaresupply.com\/spanish\/wp-json\/wp\/v2\/users\/1"}],"replies":[{"embeddable":true,"href":"http:\/\/www.welcaresupply.com\/spanish\/wp-json\/wp\/v2\/comments?post=122"}],"version-history":[{"count":10,"href":"http:\/\/www.welcaresupply.com\/spanish\/wp-json\/wp\/v2\/pages\/122\/revisions"}],"predecessor-version":[{"id":4611,"href":"http:\/\/www.welcaresupply.com\/spanish\/wp-json\/wp\/v2\/pages\/122\/revisions\/4611"}],"wp:attachment":[{"href":"http:\/\/www.welcaresupply.com\/spanish\/wp-json\/wp\/v2\/media?parent=122"}],"curies":[{"name":"wp","href":"https:\/\/api.w.org\/{rel}","templated":true}]}}