{"id":139,"date":"2016-08-03T17:06:10","date_gmt":"2016-08-03T17:06:10","guid":{"rendered":"http:\/\/web2.proweaverlinks.com\/tech\/welcarepharmacy\/?page_id=139"},"modified":"2017-02-22T11:01:01","modified_gmt":"2017-02-22T11:01:01","slug":"orthotics","status":"publish","type":"page","link":"http:\/\/www.welcaresupply.com\/spanish\/orthotics","title":{"rendered":"Ortopedia"},"content":{"rendered":"<p><img decoding=\"async\" src=\"http:\/\/www.welcaresupply.com\/spanish\/wp-content\/themes\/welcarepharmacy\/images\/thumbs\/orthotics.jpg\" alt=\"orthotics\" class=\"fright-img\"\/>El pie, el tal\u00f3n y el dolor de la pierna se pueden corregir con los orthotics apropiados. En Welcare Pharmacy &#038; Surgical, ese es nuestro primer objetivo: proveerle con los aparatos ortop\u00e9dicos apropiados que se adaptan a su cuerpo. Ofrecemos una gama de dispositivos ort\u00f3ticos, incluyendo soportes de arco ortop\u00e9dico, zapatos ortop\u00e9dicos, productos de ortesis ortop\u00e9dicos y ortopedia espinal, para que pueda controlar mejor el dolor y caminar m\u00e1s libremente. Tambi\u00e9n trabajamos con su m\u00e9dico de atenci\u00f3n primaria o con un especialista para recomendar el plan apropiado para usted.<\/p>\n<p><strong>Tratamiento de los pacientes como un todo<\/strong><\/p>\n<p>Tratamos a ni\u00f1os y adultos con ortopedia y pr\u00f3tesis, ayud\u00e1ndoles a mejorar las condiciones hereditarias ya recuperarse de lesiones relacionadas con el deporte. En Welcare Pharmacy &#038; Surgical, nuestras soluciones ort\u00f3ticas est\u00e1n totalmente personalizadas. Mientras que usted puede hacer compras en su tienda local para obtener ortopedia est\u00e1ndar que puede terminar haciendo m\u00e1s da\u00f1o que bien, nuestros especialistas de ortopeda echar un vistazo a usted como un individuo y llegar a una soluci\u00f3n que aliviar su dolor tanto como sea posible. Sabemos que no hay dos cuerpos iguales, ni dos condiciones iguales, por lo que tratamos a nuestros clientes como individuos en lugar de n\u00fameros.<\/p>\n<p><strong>Obtenga ayuda de los expertos<\/strong><\/p>\n<p>Si conoce los dispositivos ort\u00f3ticos espec\u00edficos que necesita para sentirse mejor o simplemente quiere aprender m\u00e1s sobre ortesis, nuestro equipo de especialistas en ortesis puede ayudar. Asistimos a los clientes cada d\u00eda con sus necesidades ortop\u00e9dicas individuales, trabajando para garantizar el ajuste correcto cada vez. Ll\u00e1menos al <strong>718-599-7200<\/strong> para obtener el ajuste correcto hoy.<\/p>\n","protected":false},"excerpt":{"rendered":"<p>El pie, el tal\u00f3n y el dolor de la pierna se pueden corregir con los orthotics apropiados. En Welcare Pharmacy &#038; Surgical, ese es nuestro primer objetivo: proveerle con los aparatos ortop\u00e9dicos apropiados que se adaptan a su cuerpo. Ofrecemos una gama de dispositivos ort\u00f3ticos, incluyendo soportes de arco ortop\u00e9dico, zapatos ortop\u00e9dicos, productos de ortesis &hellip; <a href=\"http:\/\/www.welcaresupply.com\/spanish\/orthotics\">Continue reading <span class=\"meta-nav\">&rarr;<\/span><\/a><\/p>\n","protected":false},"author":1,"featured_media":0,"parent":0,"menu_order":0,"comment_status":"closed","ping_status":"closed","template":"","meta":{"footnotes":""},"class_list":["post-139","page","type-page","status-publish","hentry"],"_links":{"self":[{"href":"http:\/\/www.welcaresupply.com\/spanish\/wp-json\/wp\/v2\/pages\/139","targetHints":{"allow":["GET"]}}],"collection":[{"href":"http:\/\/www.welcaresupply.com\/spanish\/wp-json\/wp\/v2\/pages"}],"about":[{"href":"http:\/\/www.welcaresupply.com\/spanish\/wp-json\/wp\/v2\/types\/page"}],"author":[{"embeddable":true,"href":"http:\/\/www.welcaresupply.com\/spanish\/wp-json\/wp\/v2\/users\/1"}],"replies":[{"embeddable":true,"href":"http:\/\/www.welcaresupply.com\/spanish\/wp-json\/wp\/v2\/comments?post=139"}],"version-history":[{"count":9,"href":"http:\/\/www.welcaresupply.com\/spanish\/wp-json\/wp\/v2\/pages\/139\/revisions"}],"predecessor-version":[{"id":4608,"href":"http:\/\/www.welcaresupply.com\/spanish\/wp-json\/wp\/v2\/pages\/139\/revisions\/4608"}],"wp:attachment":[{"href":"http:\/\/www.welcaresupply.com\/spanish\/wp-json\/wp\/v2\/media?parent=139"}],"curies":[{"name":"wp","href":"https:\/\/api.w.org\/{rel}","templated":true}]}}