{"id":141,"date":"2016-08-03T17:06:21","date_gmt":"2016-08-03T17:06:21","guid":{"rendered":"http:\/\/web2.proweaverlinks.com\/tech\/welcarepharmacy\/?page_id=141"},"modified":"2017-02-22T10:56:35","modified_gmt":"2017-02-22T10:56:35","slug":"mastectomy-bra","status":"publish","type":"page","link":"http:\/\/www.welcaresupply.com\/spanish\/mastectomy-bra","title":{"rendered":"Sujetador de Mastectom\u00eda"},"content":{"rendered":"<p><img decoding=\"async\" src=\"http:\/\/www.welcaresupply.com\/spanish\/wp-content\/themes\/welcarepharmacy\/images\/thumbs\/mastectomy.jpg\" alt=\"mastectomy\" class=\"fright-img\"\/><span class=\"comp\">Welcare Pharmacy &#038; Surgical <\/span> se dedica a ayudar a todas las mujeres a sentirse seguros y hermosas. Con este fin, ofrecemos una gama completa de servicios de ajuste de sost\u00e9n para mujeres que requieren sostenes de mastectom\u00eda, as\u00ed como mujeres que se han sometido a un aumento de senos y una cirug\u00eda reconstructiva mamaria.<\/p>\n<p>Los sobrevivientes de c\u00e1ncer de mama encontrar\u00e1n un ambiente c\u00e1lido y nutritivo con nuestro profesional capacitado que atender\u00e1 sus necesidades espec\u00edficas. Tenemos un instalador de mastectom\u00eda certificado en el personal, que tiene experiencia en las necesidades particulares de las mujeres que se han sometido a una cirug\u00eda de mama.<\/p>\n<p>Nuestro instalador de mastectom\u00eda certificado vendr\u00e1 a adaptarse a la privacidad de su propia casa o puede venir a nosotros en nuestra farmacia. Mastectom\u00eda Bras y Pr\u00f3tesis est\u00e1n cubiertos por su seguro, Aceptamos todos los seguros. Puede llamar para hacer una cita. Nos preocupamos por nuestros pacientes. Nuestro instalador de Mastectom\u00eda har\u00e1 todo lo posible para acomodarlo y hacer que se sienta c\u00f3modo.<\/p>\n<p><strong>Qu\u00e9 es un sujetador de mastectom\u00eda?<\/strong><\/p>\n<p>Sostenes especiales que tienen bolsillos para sostener la pr\u00f3tesis. Hay muchos sostenes atractivos que vienen en diversos colores (por ejemplo, blanco, marfil, negro, &#038; nude \/ beige) que se pueden caber en el momento de la pr\u00f3tesis. Los nuevos productos est\u00e1n siempre disponibles (en diferentes formas, pesos, etc) por lo que es una buena idea visitar nuestra tienda para ver si ha habido avances desde su \u00faltima instalaci\u00f3n.<\/p>\n","protected":false},"excerpt":{"rendered":"<p>Welcare Pharmacy &#038; Surgical se dedica a ayudar a todas las mujeres a sentirse seguros y hermosas. Con este fin, ofrecemos una gama completa de servicios de ajuste de sost\u00e9n para mujeres que requieren sostenes de mastectom\u00eda, as\u00ed como mujeres que se han sometido a un aumento de senos y una cirug\u00eda reconstructiva mamaria. Los &hellip; <a href=\"http:\/\/www.welcaresupply.com\/spanish\/mastectomy-bra\">Continue reading <span class=\"meta-nav\">&rarr;<\/span><\/a><\/p>\n","protected":false},"author":1,"featured_media":0,"parent":0,"menu_order":0,"comment_status":"closed","ping_status":"closed","template":"","meta":{"footnotes":""},"class_list":["post-141","page","type-page","status-publish","hentry"],"_links":{"self":[{"href":"http:\/\/www.welcaresupply.com\/spanish\/wp-json\/wp\/v2\/pages\/141","targetHints":{"allow":["GET"]}}],"collection":[{"href":"http:\/\/www.welcaresupply.com\/spanish\/wp-json\/wp\/v2\/pages"}],"about":[{"href":"http:\/\/www.welcaresupply.com\/spanish\/wp-json\/wp\/v2\/types\/page"}],"author":[{"embeddable":true,"href":"http:\/\/www.welcaresupply.com\/spanish\/wp-json\/wp\/v2\/users\/1"}],"replies":[{"embeddable":true,"href":"http:\/\/www.welcaresupply.com\/spanish\/wp-json\/wp\/v2\/comments?post=141"}],"version-history":[{"count":9,"href":"http:\/\/www.welcaresupply.com\/spanish\/wp-json\/wp\/v2\/pages\/141\/revisions"}],"predecessor-version":[{"id":4599,"href":"http:\/\/www.welcaresupply.com\/spanish\/wp-json\/wp\/v2\/pages\/141\/revisions\/4599"}],"wp:attachment":[{"href":"http:\/\/www.welcaresupply.com\/spanish\/wp-json\/wp\/v2\/media?parent=141"}],"curies":[{"name":"wp","href":"https:\/\/api.w.org\/{rel}","templated":true}]}}