{"id":160,"date":"2016-08-03T17:25:50","date_gmt":"2016-08-03T17:25:50","guid":{"rendered":"http:\/\/web2.proweaverlinks.com\/tech\/welcarepharmacy\/?page_id=160"},"modified":"2017-02-22T11:11:40","modified_gmt":"2017-02-22T11:11:40","slug":"power-mobility","status":"publish","type":"page","link":"http:\/\/www.welcaresupply.com\/spanish\/power-mobility","title":{"rendered":"Movilidad de la Energ\u00eda"},"content":{"rendered":"<\/p>\n<h2>Movilidad de energ\u00eda en Nueva York, NY, Nueva Jersey y Connecticut<\/h2>\n<p>No todo el mundo tiene la capacidad de moverse f\u00e1cilmente por su cuenta. Ya sea a trav\u00e9s de la edad o lesiones, la movilidad energ\u00e9tica en Nueva York, NY, Nueva Jersey y Connecticut puede ser una de las mejores cosas para buscar. Si es usted, un miembro de la familia, o un paciente que necesita moverse, Welcare Drug Store ofrece una serie de opciones diferentes para que usted considere.<\/p>\n<h2>Opciones en Power Mobility<\/h2>\n<p>Usted encontrar\u00e1 r\u00e1pidamente que hay muchas opciones cuando se trata de la movilidad energ\u00e9tica en Nueva York, Nueva York, Nueva Jersey y Connecticut. Antes de comprar la primera scooter que te encuentras, es importante saber acerca de algunas de sus opciones.<\/p>\n<p>Por ejemplo, \u00bfquieres ser capaz de usar tu scooter en y alrededor del \u00e1rea de NJ y NY o simplemente quieres permanecer en tu casa? Esta es una pregunta importante para poder responder porque determinar\u00e1 en gran medida el tipo de scooter que usted compra. Algunos est\u00e1n dise\u00f1ados para manejar pavimentos e incluso otros tipos de terreno, mientras que otros est\u00e1n dise\u00f1ados para manejar alfombras y baldosas.<\/p>\n<p>Tambi\u00e9n hay diferentes tipos de opciones de movilidad de energ\u00eda cuando se trata de espacio. Si va a estar confinado en el interior, usted tiene que mirar cu\u00e1nto espacio que tiene alrededor de su casa. Si usted necesita poder girar alrededor de esquinas apretadas e incluso subir y bajar escaleras, hay ciertos modelos que son mejores que otros.<\/p>\n<p>Usted nunca tiene que estar solo al elegir la movilidad de energ\u00eda en el \u00e1rea de Nueva York, NY, NJ y Connecticut. En Welcare Drug Store, tenemos profesionales que pueden ayudarle a trav\u00e9s del proceso de toma de decisiones. Incluso podemos venir a su casa, hacer preguntas al paciente, y ayudarle a descubrir el mejor modelo para usted y su presupuesto.<\/p>\n<h2>Compra de Power Mobility en Nueva York, NY, Nueva Jersey y Connecticut<\/h2>\n<p>Si bien la movilidad de la energ\u00eda en Nueva York, Nueva York, Nueva Jersey y Connecticut puede ser una gran cosa, no siempre es la cosa m\u00e1s f\u00e1cil de pagar. Usted puede ser sorprendido al descubrir que su compa\u00f1\u00eda de seguros de salud pagar\u00e1 por el scooter de energ\u00eda por completo. Si bien esto no siempre es el caso, hemos sido capaces de ayudar a un n\u00famero de personas a pagar una scooter de energ\u00eda sin ning\u00fan dinero que sale de sus bolsillos.<\/p>\n<p>Tan pronto como empiece a comprar opciones de movilidad de energ\u00eda, h\u00e1ganos saber sobre su seguro y haremos las consultas. Si usted califica para el scooter, procesaremos el papeleo y nos aseguraremos de que usted tiene que pagar solamente la cantidad m\u00e1s peque\u00f1a posible para conseguir su scooter.<\/p>\n<p>Si usted est\u00e1 listo para hacer un pedido o desea hacer algunas preguntas adicionales, por favor no dude en llamarnos al <strong>718-599-7200<\/strong>.<\/p>\n","protected":false},"excerpt":{"rendered":"<p>Movilidad de energ\u00eda en Nueva York, NY, Nueva Jersey y Connecticut No todo el mundo tiene la capacidad de moverse f\u00e1cilmente por su cuenta. Ya sea a trav\u00e9s de la edad o lesiones, la movilidad energ\u00e9tica en Nueva York, NY, Nueva Jersey y Connecticut puede ser una de las mejores cosas para buscar. Si es &hellip; <a href=\"http:\/\/www.welcaresupply.com\/spanish\/power-mobility\">Continue reading <span class=\"meta-nav\">&rarr;<\/span><\/a><\/p>\n","protected":false},"author":1,"featured_media":0,"parent":0,"menu_order":0,"comment_status":"closed","ping_status":"closed","template":"","meta":{"footnotes":""},"class_list":["post-160","page","type-page","status-publish","hentry"],"_links":{"self":[{"href":"http:\/\/www.welcaresupply.com\/spanish\/wp-json\/wp\/v2\/pages\/160","targetHints":{"allow":["GET"]}}],"collection":[{"href":"http:\/\/www.welcaresupply.com\/spanish\/wp-json\/wp\/v2\/pages"}],"about":[{"href":"http:\/\/www.welcaresupply.com\/spanish\/wp-json\/wp\/v2\/types\/page"}],"author":[{"embeddable":true,"href":"http:\/\/www.welcaresupply.com\/spanish\/wp-json\/wp\/v2\/users\/1"}],"replies":[{"embeddable":true,"href":"http:\/\/www.welcaresupply.com\/spanish\/wp-json\/wp\/v2\/comments?post=160"}],"version-history":[{"count":6,"href":"http:\/\/www.welcaresupply.com\/spanish\/wp-json\/wp\/v2\/pages\/160\/revisions"}],"predecessor-version":[{"id":4622,"href":"http:\/\/www.welcaresupply.com\/spanish\/wp-json\/wp\/v2\/pages\/160\/revisions\/4622"}],"wp:attachment":[{"href":"http:\/\/www.welcaresupply.com\/spanish\/wp-json\/wp\/v2\/media?parent=160"}],"curies":[{"name":"wp","href":"https:\/\/api.w.org\/{rel}","templated":true}]}}