{"id":6,"date":"2016-07-29T08:47:03","date_gmt":"2016-07-29T08:47:03","guid":{"rendered":"http:\/\/localhost\/TASKS2016\/welcarepharmacy\/?page_id=6"},"modified":"2017-02-22T10:35:33","modified_gmt":"2017-02-22T10:35:33","slug":"about-us","status":"publish","type":"page","link":"http:\/\/www.welcaresupply.com\/spanish\/about-us","title":{"rendered":"Sobre nosotros"},"content":{"rendered":"<p>Bienvenido a <span class=\"comp\">Welcare Pharmacy &#038; Surgical<\/span><\/p>\n<p>Hablamos ingl\u00e9s, ruso, espa\u00f1ol, hebreo, polaco, italiano.<\/p>\n<p>Durante los \u00faltimos 12 a\u00f1os, <span class=\"comp\">Welcare Pharmacy &#038; Surgical<\/span> ha estado atendiendo las necesidades farmac\u00e9uticas y de suministro m\u00e9dico de los residentes y proveedores de atenci\u00f3n m\u00e9dica en los mercados de Brooklyn, Queens, Manhattan y New Jersey. Ambos somos una empresa certificada de suministro quir\u00fargico y una empresa de suministro m\u00e9dico, as\u00ed, y nuestra l\u00ednea completa de servicios de toda la gama.<\/p>\n<h2 style=\"font-size: 16px;\"><strong>Sirviendo a los residentes<\/strong><\/h2>\n<p><img decoding=\"async\" src=\"http:\/\/www.welcaresupply.com\/spanish\/wp-content\/themes\/welcarepharmacy\/images\/thumbs\/about.jpg\" alt=\"two pharmacists\" class=\"fright-img\"\/>Al utilizar nuestro sistema de cumplimiento en l\u00ednea f\u00e1cil, los pacientes en Nueva York y Nueva Jersey pueden aprovechar la entrega gratuita de todas sus necesidades de suministro m\u00e9dico, desde recetas a pr\u00f3tesis y todo lo dem\u00e1s. Ofrecemos consultas gratuitas, as\u00ed como para asegurar que los pacientes entiendan c\u00f3mo usar adecuadamente los medicamentos y el equipo que les entregamos, y estamos disponibles para responder cualquier pregunta que puedan tener.<\/p>\n<h2 style=\"font-size: 16px;\"><strong>Haciendo todo<\/strong><\/h2>\n<p>En <span class=\"comp\">Welcare Pharmacy &#038; Surgical<\/span>, entendemos que las necesidades de cada cliente son diferentes. Es por eso que ofrecemos suministro de equipos m\u00e9dicos y productos de suministro de equipos quir\u00fargicos a nuestros clientes, sin importar qui\u00e9nes son o d\u00f3nde est\u00e1n situados dentro de un radio de 50 millas de nuestra ubicaci\u00f3n en Brooklyn, NY. Si necesita suministros de salud de alta calidad a un costo razonable, comun\u00edquese con nosotros hoy mismo. Ll\u00e1menos al <strong>888-354-7077<\/strong> o visite nuestra ubicaci\u00f3n f\u00edsica en Brooklyn en 54 Graham Avenue.<\/p>\n<p><iframe style=\"width:100%; height:400px;\" src=\"https:\/\/www.youtube.com\/embed\/S0vobriEaG0\"  allowfullscreen><\/iframe><\/p>\n<h2 style=\"font-size: 16px;\"><strong>Ordene sus suministros m\u00e9dicos en s\u00f3lo 3 pasos<\/strong><\/h2>\n<ul>\n<div>\n<li>\n<h3 style=\"font-size: 16px;\"><strong>Su Consulta GRATUITA<\/strong><\/h3>\n<p style=\"display: inline;\">Haga su pedido en l\u00ednea o por tel\u00e9fono al <strong>718-599-7200<\/strong>. Ll\u00e1menos y averig\u00fce si usted califica para cualquier producto de suministro m\u00e9dico EN POCO O EN NING\u00daN COSTO<\/p>\n<\/li>\n<\/div>\n<div>\n<li>\n<h3 style=\"font-size: 16px;\"><strong>Recogemos el trabajo de papel requerido<\/strong><\/h3>\n<p style=\"display: inline;\">Llamamos al consultorio de su m\u00e9dico y manejamos el papeleo con Medicare y otras compa\u00f1\u00edas de seguros. Recopilamos el trabajo de papel requerido.<\/p>\n<\/li>\n<\/div>\n<div>\n<li>\n<h3 style=\"font-size: 16px;\"><strong>Entrega Gratis<\/strong><\/h3>\n<p style=\"display: inline;\">Entregamos productos m\u00e9dicos a su puerta sin cargo adicional.<\/p>\n<\/li>\n<\/div>\n<\/ul>\n","protected":false},"excerpt":{"rendered":"<p>Bienvenido a Welcare Pharmacy &#038; Surgical Hablamos ingl\u00e9s, ruso, espa\u00f1ol, hebreo, polaco, italiano. Durante los \u00faltimos 12 a\u00f1os, Welcare Pharmacy &#038; Surgical ha estado atendiendo las necesidades farmac\u00e9uticas y de suministro m\u00e9dico de los residentes y proveedores de atenci\u00f3n m\u00e9dica en los mercados de Brooklyn, Queens, Manhattan y New Jersey. Ambos somos una empresa certificada &hellip; <a href=\"http:\/\/www.welcaresupply.com\/spanish\/about-us\">Continue reading <span class=\"meta-nav\">&rarr;<\/span><\/a><\/p>\n","protected":false},"author":1,"featured_media":0,"parent":0,"menu_order":0,"comment_status":"closed","ping_status":"closed","template":"","meta":{"footnotes":""},"class_list":["post-6","page","type-page","status-publish","hentry"],"_links":{"self":[{"href":"http:\/\/www.welcaresupply.com\/spanish\/wp-json\/wp\/v2\/pages\/6","targetHints":{"allow":["GET"]}}],"collection":[{"href":"http:\/\/www.welcaresupply.com\/spanish\/wp-json\/wp\/v2\/pages"}],"about":[{"href":"http:\/\/www.welcaresupply.com\/spanish\/wp-json\/wp\/v2\/types\/page"}],"author":[{"embeddable":true,"href":"http:\/\/www.welcaresupply.com\/spanish\/wp-json\/wp\/v2\/users\/1"}],"replies":[{"embeddable":true,"href":"http:\/\/www.welcaresupply.com\/spanish\/wp-json\/wp\/v2\/comments?post=6"}],"version-history":[{"count":25,"href":"http:\/\/www.welcaresupply.com\/spanish\/wp-json\/wp\/v2\/pages\/6\/revisions"}],"predecessor-version":[{"id":4575,"href":"http:\/\/www.welcaresupply.com\/spanish\/wp-json\/wp\/v2\/pages\/6\/revisions\/4575"}],"wp:attachment":[{"href":"http:\/\/www.welcaresupply.com\/spanish\/wp-json\/wp\/v2\/media?parent=6"}],"curies":[{"name":"wp","href":"https:\/\/api.w.org\/{rel}","templated":true}]}}