{"id":614,"date":"2016-08-15T02:52:43","date_gmt":"2016-08-15T02:52:43","guid":{"rendered":"http:\/\/web2.proweaverlinks.com\/tech\/welcarepharmacy\/?page_id=614"},"modified":"2017-02-22T08:03:30","modified_gmt":"2017-02-22T08:03:30","slug":"hepatitis","status":"publish","type":"page","link":"http:\/\/www.welcaresupply.com\/spanish\/hepatitis","title":{"rendered":"Hepatitis"},"content":{"rendered":"<p>La hepatitis es com\u00fanmente conocida como la inflamaci\u00f3n del h\u00edgado. Esta condici\u00f3n puede llegar a ser muy autolimitada y progresiva con el tiempo, conduciendo a fibrosis, cirrosis y c\u00e1ncer de h\u00edgado. La hepatitis ocurre de su propio esp\u00e9cimen de virus junto con otras sustancias t\u00f3xicas y enfermedades autoinmunes. Las mayores preocupaciones de los cinco (5) tipos de hepatitis son la carga de esta condici\u00f3n y el posible brote y propagaci\u00f3n de la epidemia.<\/p>\n<p>Welcare Pharmacy &#038; Surgical puede ayudarle a combatir esta enfermedad con nuestro compromiso de dar a los pacientes y profesionales de la salud con acceso a consultas privadas y dispensaci\u00f3n de instrucciones para manejar sus condiciones de salud. Tenemos una buena lista de farmac\u00e9uticos que conoce los problemas diarios que enfrentan las personas diagnosticadas con hepatitis y problemas de salud relacionados.<\/p>\n<p>Los medicamentos que se usan para tratar la hepatitis requieren una supervisi\u00f3n dedicada por un farmac\u00e9utico para determinar el uso adecuado y \/ o la ingesta. Sin embargo, tomar medicamentos especiales para la hepatitis es a veces dif\u00edcil para el paciente para cumplir por su cuenta, ya que la terapia implica m\u00faltiples medicamentos para controlar, las revisiones de la interacci\u00f3n de drogas, y las recargas de recetas c\u00edclicas. Adem\u00e1s de esto, los medicamentos y suministros m\u00e9dicos para la hepatitis son m\u00e1s caros en comparaci\u00f3n con la mayor\u00eda de los medicamentos comerciales.<\/p>\n<p>Fortuitamente, Welcare Pharmacy &#038; Surgical cuenta con farmac\u00e9uticos con conocimientos para ayudar a coordinar con las compa\u00f1\u00edas de seguros para autorizaciones previas, as\u00ed como apoyar al paciente para el apoyo financiero con el fabricante.<\/p>\n<p>Para m\u00e1s informaci\u00f3n sobre los servicios de Pharmacy &#038; Surgical de Welcare y si desea solicitar ayuda con la Coordinaci\u00f3n del Plan de Beneficios de la p\u00f3liza de seguro para tratar la hepatitis, no dude en comunicarse con nosotros en este n\u00famero: <strong> 888-354-7077<\/strong> En la ayuda integral del equipo hoy!<\/p>\n","protected":false},"excerpt":{"rendered":"<p>La hepatitis es com\u00fanmente conocida como la inflamaci\u00f3n del h\u00edgado. Esta condici\u00f3n puede llegar a ser muy autolimitada y progresiva con el tiempo, conduciendo a fibrosis, cirrosis y c\u00e1ncer de h\u00edgado. La hepatitis ocurre de su propio esp\u00e9cimen de virus junto con otras sustancias t\u00f3xicas y enfermedades autoinmunes. Las mayores preocupaciones de los cinco (5) &hellip; <a href=\"http:\/\/www.welcaresupply.com\/spanish\/hepatitis\">Continue reading <span class=\"meta-nav\">&rarr;<\/span><\/a><\/p>\n","protected":false},"author":1,"featured_media":0,"parent":0,"menu_order":0,"comment_status":"closed","ping_status":"closed","template":"","meta":{"footnotes":""},"class_list":["post-614","page","type-page","status-publish","hentry"],"_links":{"self":[{"href":"http:\/\/www.welcaresupply.com\/spanish\/wp-json\/wp\/v2\/pages\/614","targetHints":{"allow":["GET"]}}],"collection":[{"href":"http:\/\/www.welcaresupply.com\/spanish\/wp-json\/wp\/v2\/pages"}],"about":[{"href":"http:\/\/www.welcaresupply.com\/spanish\/wp-json\/wp\/v2\/types\/page"}],"author":[{"embeddable":true,"href":"http:\/\/www.welcaresupply.com\/spanish\/wp-json\/wp\/v2\/users\/1"}],"replies":[{"embeddable":true,"href":"http:\/\/www.welcaresupply.com\/spanish\/wp-json\/wp\/v2\/comments?post=614"}],"version-history":[{"count":3,"href":"http:\/\/www.welcaresupply.com\/spanish\/wp-json\/wp\/v2\/pages\/614\/revisions"}],"predecessor-version":[{"id":4536,"href":"http:\/\/www.welcaresupply.com\/spanish\/wp-json\/wp\/v2\/pages\/614\/revisions\/4536"}],"wp:attachment":[{"href":"http:\/\/www.welcaresupply.com\/spanish\/wp-json\/wp\/v2\/media?parent=614"}],"curies":[{"name":"wp","href":"https:\/\/api.w.org\/{rel}","templated":true}]}}