{"id":619,"date":"2016-08-15T02:52:59","date_gmt":"2016-08-15T02:52:59","guid":{"rendered":"http:\/\/web2.proweaverlinks.com\/tech\/welcarepharmacy\/?page_id=619"},"modified":"2017-02-22T10:58:52","modified_gmt":"2017-02-22T10:58:52","slug":"oncology","status":"publish","type":"page","link":"http:\/\/www.welcaresupply.com\/spanish\/oncology","title":{"rendered":"Oncolog\u00eda"},"content":{"rendered":"<p>Oncolog\u00eda (&#8220;onco&#8221; significa masa \/ tumor, &#8220;-log\u00eda&#8221; significa estudio) es una rama de la ciencia m\u00e9dica que se ocupa principalmente de tumores y c\u00e1ncer. El c\u00e1ncer ocurre cuando las c\u00e9lulas en el cuerpo crecen fuera de control o anormalmente. El c\u00e1ncer es una de las condiciones m\u00e1s comunes y extendidas de hoy y est\u00e1 aumentando constantemente debido al estilo de vida moderno.<\/p>\n<p>Sin embargo, el c\u00e1ncer puede ser tratado con medicamentos de calidad que necesitan una estrecha supervisi\u00f3n de un farmac\u00e9utico para asegurar una administraci\u00f3n correcta. Aqu\u00ed en Welcare Pharmacy &#038; Surgical, los pacientes pueden recurrir a nuestros farmac\u00e9uticos para obtener conocimientos, asistencia y atenci\u00f3n que les ayuden a lidiar con los efectos o s\u00edntomas devastadores del c\u00e1ncer.<\/p>\n<p>La mayor\u00eda de los reg\u00edmenes de medicamentos pueden ser complicados, ya que la terapia comprender\u00e1 los m\u00faltiples medicamentos para monitorear, los recargos de recetas c\u00edclicas y la coordinaci\u00f3n entre el farmac\u00e9utico y el m\u00e9dico. Adem\u00e1s, los medicamentos para tratar el c\u00e1ncer son muy costosos. Fortuitamente, los pacientes ahora pueden contar con Welcare Pharmacy &#038; Surgical para ponerse directamente en contacto con los proveedores de seguros para obtener autorizaciones previas y ayudar en el acceso a apoyo basado en la comunidad para reducir los costos.<\/p>\n<p>Para obtener m\u00e1s informaci\u00f3n sobre los servicios de Pharmacy &#038; Surgical de Welcare y si desea recibir asistencia con la Coordinaci\u00f3n de M\u00e9dicos y recargas de recetas recurrentes, no dude en comunicarse con nosotros en este n\u00famero: <strong> 888-354-7077 <\/strong> Parte de esta lucha con nuestros servicios integrales e intensivos.<\/p>\n","protected":false},"excerpt":{"rendered":"<p>Oncolog\u00eda (&#8220;onco&#8221; significa masa \/ tumor, &#8220;-log\u00eda&#8221; significa estudio) es una rama de la ciencia m\u00e9dica que se ocupa principalmente de tumores y c\u00e1ncer. El c\u00e1ncer ocurre cuando las c\u00e9lulas en el cuerpo crecen fuera de control o anormalmente. El c\u00e1ncer es una de las condiciones m\u00e1s comunes y extendidas de hoy y est\u00e1 aumentando &hellip; <a href=\"http:\/\/www.welcaresupply.com\/spanish\/oncology\">Continue reading <span class=\"meta-nav\">&rarr;<\/span><\/a><\/p>\n","protected":false},"author":1,"featured_media":0,"parent":0,"menu_order":0,"comment_status":"closed","ping_status":"closed","template":"","meta":{"footnotes":""},"class_list":["post-619","page","type-page","status-publish","hentry"],"_links":{"self":[{"href":"http:\/\/www.welcaresupply.com\/spanish\/wp-json\/wp\/v2\/pages\/619","targetHints":{"allow":["GET"]}}],"collection":[{"href":"http:\/\/www.welcaresupply.com\/spanish\/wp-json\/wp\/v2\/pages"}],"about":[{"href":"http:\/\/www.welcaresupply.com\/spanish\/wp-json\/wp\/v2\/types\/page"}],"author":[{"embeddable":true,"href":"http:\/\/www.welcaresupply.com\/spanish\/wp-json\/wp\/v2\/users\/1"}],"replies":[{"embeddable":true,"href":"http:\/\/www.welcaresupply.com\/spanish\/wp-json\/wp\/v2\/comments?post=619"}],"version-history":[{"count":4,"href":"http:\/\/www.welcaresupply.com\/spanish\/wp-json\/wp\/v2\/pages\/619\/revisions"}],"predecessor-version":[{"id":4603,"href":"http:\/\/www.welcaresupply.com\/spanish\/wp-json\/wp\/v2\/pages\/619\/revisions\/4603"}],"wp:attachment":[{"href":"http:\/\/www.welcaresupply.com\/spanish\/wp-json\/wp\/v2\/media?parent=619"}],"curies":[{"name":"wp","href":"https:\/\/api.w.org\/{rel}","templated":true}]}}