{"id":623,"date":"2016-08-15T02:53:10","date_gmt":"2016-08-15T02:53:10","guid":{"rendered":"http:\/\/web2.proweaverlinks.com\/tech\/welcarepharmacy\/?page_id=623"},"modified":"2017-02-22T11:14:14","modified_gmt":"2017-02-22T11:14:14","slug":"rheumatology","status":"publish","type":"page","link":"http:\/\/www.welcaresupply.com\/spanish\/rheumatology","title":{"rendered":"Reumatolog\u00eda"},"content":{"rendered":"<p>La reumatolog\u00eda es conocida como una de las ramas especializadas en medicina interna que se ocupa del diagn\u00f3stico y tratamiento de enfermedades reum\u00e1ticas. La reumatolog\u00eda es considerada una de las principales \u00e1reas en inmunolog\u00eda-estudio del sistema inmunol\u00f3gico. Los problemas cl\u00ednicos involucrados en esta \u00e1rea son cuestiones relacionadas con las articulaciones, tejidos blandos, vasculitis y otros trastornos relacionados con el tejido conectivo hereditarios. <\/p>\n<p>Las personas diagnosticadas con reumatismo o problemas de salud asociados con la artritis tienen experiencias dolorosas diarias no s\u00f3lo en la condici\u00f3n misma sino tambi\u00e9n en el proceso de la medicaci\u00f3n. Los medicamentos especializados que se usan para tratar el reumatismo requieren una estrecha supervisi\u00f3n o monitoreo de un farmac\u00e9utico con licencia para detectar posibles efectos secundarios y proporcionar intervenciones inmediatas cuando sea necesario. El r\u00e9gimen de terapia de medicamentos para el reumatismo puede ser dif\u00edcil para los pacientes a seguir ya que el manejo de la terapia de medicaci\u00f3n incluye suministros m\u00e9dicos, revisiones continuas del nivel de dosificaci\u00f3n y coordinaci\u00f3n entre el farmac\u00e9utico y el m\u00e9dico. Adem\u00e1s, los medicamentos que intervienen en la terapia del reumatismo son innegablemente caros.<\/p>\n<p>Sin embargo, Welcare Pharmacy &#038; Surgical se enfoca en enfoques innovadores en nuestra farmacia donde los pacientes pueden acceder a gu\u00edas indispensables para manejar su enfermedad. Para los pacientes de bajos ingresos, nuestros farmac\u00e9uticos est\u00e1n m\u00e1s que dispuestos a ayudar coordinando con las fuentes de pago para autorizaciones previas o con organizaciones sin fines de lucro para apelar por asistencia financiera.<\/p>\n<p>Para obtener m\u00e1s informaci\u00f3n acerca de los servicios de Pharmacy &#038; Surgical de Welcare y si desea recibir asistencia con la Adhesi\u00f3n a Medicamentos y las Revisiones de Interacci\u00f3n con Medicamentos, no dude en comunicarse con nosotros en este n\u00famero: <strong>888-354-7077<\/strong> Usted puede tener acceso a servicios de farmacia personalizados y convenientes hoy!<\/p>\n","protected":false},"excerpt":{"rendered":"<p>La reumatolog\u00eda es conocida como una de las ramas especializadas en medicina interna que se ocupa del diagn\u00f3stico y tratamiento de enfermedades reum\u00e1ticas. La reumatolog\u00eda es considerada una de las principales \u00e1reas en inmunolog\u00eda-estudio del sistema inmunol\u00f3gico. Los problemas cl\u00ednicos involucrados en esta \u00e1rea son cuestiones relacionadas con las articulaciones, tejidos blandos, vasculitis y otros &hellip; <a href=\"http:\/\/www.welcaresupply.com\/spanish\/rheumatology\">Continue reading <span class=\"meta-nav\">&rarr;<\/span><\/a><\/p>\n","protected":false},"author":1,"featured_media":0,"parent":0,"menu_order":0,"comment_status":"closed","ping_status":"closed","template":"","meta":{"footnotes":""},"class_list":["post-623","page","type-page","status-publish","hentry"],"_links":{"self":[{"href":"http:\/\/www.welcaresupply.com\/spanish\/wp-json\/wp\/v2\/pages\/623","targetHints":{"allow":["GET"]}}],"collection":[{"href":"http:\/\/www.welcaresupply.com\/spanish\/wp-json\/wp\/v2\/pages"}],"about":[{"href":"http:\/\/www.welcaresupply.com\/spanish\/wp-json\/wp\/v2\/types\/page"}],"author":[{"embeddable":true,"href":"http:\/\/www.welcaresupply.com\/spanish\/wp-json\/wp\/v2\/users\/1"}],"replies":[{"embeddable":true,"href":"http:\/\/www.welcaresupply.com\/spanish\/wp-json\/wp\/v2\/comments?post=623"}],"version-history":[{"count":5,"href":"http:\/\/www.welcaresupply.com\/spanish\/wp-json\/wp\/v2\/pages\/623\/revisions"}],"predecessor-version":[{"id":4627,"href":"http:\/\/www.welcaresupply.com\/spanish\/wp-json\/wp\/v2\/pages\/623\/revisions\/4627"}],"wp:attachment":[{"href":"http:\/\/www.welcaresupply.com\/spanish\/wp-json\/wp\/v2\/media?parent=623"}],"curies":[{"name":"wp","href":"https:\/\/api.w.org\/{rel}","templated":true}]}}