{"id":8,"date":"2016-07-29T08:47:00","date_gmt":"2016-07-29T08:47:00","guid":{"rendered":"http:\/\/localhost\/TASKS2016\/welcarepharmacy\/?page_id=8"},"modified":"2019-03-07T11:16:57","modified_gmt":"2019-03-07T11:16:57","slug":"surgical-supplies","status":"publish","type":"page","link":"http:\/\/www.welcaresupply.com\/spanish\/surgical-supplies","title":{"rendered":"Suministros Quir\u00fargicos"},"content":{"rendered":"<h2>Surgical Supplies en Nueva York, NY, Nueva Jersey y Connecticut<\/h2>\n<p><img decoding=\"async\" class=\"fright-img\" src=\"http:\/\/www.welcaresupply.com\/spanish\/wp-content\/themes\/welcarepharmacy\/images\/thumbs\/medical.jpg\" alt=\"medical tablets\" \/>Despu\u00e9s de la cirug\u00eda, hay un mont\u00f3n de suministros quir\u00fargicos en Nueva York, Nueva York, Nueva Jersey y Connecticut que usted puede necesitar. \u00bfSabes cu\u00e1les son esos suministros? Si usted tiene una lista de compras de qu\u00e9 comprar o necesita ayuda para elegir los mejores suministros, contamos con personal capacitado disponible en todo momento en Welcare Drug Store para ayudarle a hacer las selecciones correctas.<\/p>\n<h3>Suministros quir\u00fargicos<\/h3>\n<p>Cuando necesita ordenar suministros quir\u00fargicos en Nueva York, NY, Nueva Jersey y Connecticut, \u00bfsabe lo que deber\u00eda comprar? Gran parte de esto va a depender de si la cirug\u00eda ha afectado a la persona sobre una base temporal o en forma permanente. Adem\u00e1s, los suministros ser\u00e1n m\u00e1s si la persona se queda en casa en lugar de en un centro de salud.<\/p>\n<p>Es posible que necesite una cama, un sobre la mesa de cama, equipo respiratorio, suministros urol\u00f3gicos, suministros de ostom\u00eda y mucho m\u00e1s. Todo depender\u00e1 en gran medida del tipo de cirug\u00eda que un paciente ten\u00eda y cu\u00e1les son sus limitaciones actuales. Puede que tenga que cambiar ap\u00f3sitos e incluso puede tener que cambiar las cacerolas o incluso bolsas de colostom\u00eda.<\/p>\n<p>Independientemente de qu\u00e9 tipo de necesidades de atenci\u00f3n m\u00e9dica se encuentre enfrentando, podemos ayudarle. Podemos ayudarle a comprar suministros, hacer comparaciones entre marcas e incluso averiguar cu\u00e1nto seguro cubrir\u00e1. Nuestro objetivo es siempre para ayudarle con sus necesidades de atenci\u00f3n m\u00e9dica y lo hacemos al proporcionarle los suministros de la m\u00e1s alta calidad en la industria.<\/p>\n<h3>Hacer preguntas<\/h3>\n<p>La elecci\u00f3n de suministros quir\u00fargicos en Nueva York, Nueva York y Connecticut puede ser abrumadora y entendemos que usted puede tener algunas preguntas &#8211; o un mont\u00f3n de preguntas. Hacemos que sea f\u00e1cil para usted hacer todas estas preguntas. Puede hacerlo en l\u00ednea, por tel\u00e9fono llamando al <strong>718-599-7200<\/strong> o incluso entrando en nuestra ubicaci\u00f3n. Contamos con personal capacitado disponible todo el tiempo.<\/p>\n<p>No est\u00e1 seguro de c\u00f3mo usar algunos de los suministros quir\u00fargicos en Nueva York o Nueva Jersey? No es un problema. Nos complace venir a usted para ayudarle a averiguar c\u00f3mo usar los suministros. O puede venir a hablar con uno de nuestros farmac\u00e9uticos.<\/p>\n<p>La recuperaci\u00f3n posquir\u00fargica es dif\u00edcil. Ya sea algo que hayas pasado o no, es dif\u00edcil pasar por todas estas cosas. Usted estar\u00e1 utilizando los suministros que nunca ha tenido que utilizar antes y es natural que algunas preguntas para llegar a lo que hacen, c\u00f3mo usarlos e incluso c\u00f3mo disponer de ellos.<\/p>\n<p>Siempre estamos disponibles, as\u00ed que cuando tengas una pregunta, todo lo que tienes que hacer es recoger el tel\u00e9fono, ir en l\u00ednea, o parar a vernos.<\/p>\n","protected":false},"excerpt":{"rendered":"<p>Surgical Supplies en Nueva York, NY, Nueva Jersey y Connecticut Despu\u00e9s de la cirug\u00eda, hay un mont\u00f3n de suministros quir\u00fargicos en Nueva York, Nueva York, Nueva Jersey y Connecticut que usted puede necesitar. \u00bfSabes cu\u00e1les son esos suministros? Si usted tiene una lista de compras de qu\u00e9 comprar o necesita ayuda para elegir los mejores &hellip; <a href=\"http:\/\/www.welcaresupply.com\/spanish\/surgical-supplies\">Continue reading <span class=\"meta-nav\">&rarr;<\/span><\/a><\/p>\n","protected":false},"author":1,"featured_media":0,"parent":0,"menu_order":0,"comment_status":"closed","ping_status":"closed","template":"","meta":{"footnotes":""},"class_list":["post-8","page","type-page","status-publish","hentry"],"_links":{"self":[{"href":"http:\/\/www.welcaresupply.com\/spanish\/wp-json\/wp\/v2\/pages\/8","targetHints":{"allow":["GET"]}}],"collection":[{"href":"http:\/\/www.welcaresupply.com\/spanish\/wp-json\/wp\/v2\/pages"}],"about":[{"href":"http:\/\/www.welcaresupply.com\/spanish\/wp-json\/wp\/v2\/types\/page"}],"author":[{"embeddable":true,"href":"http:\/\/www.welcaresupply.com\/spanish\/wp-json\/wp\/v2\/users\/1"}],"replies":[{"embeddable":true,"href":"http:\/\/www.welcaresupply.com\/spanish\/wp-json\/wp\/v2\/comments?post=8"}],"version-history":[{"count":11,"href":"http:\/\/www.welcaresupply.com\/spanish\/wp-json\/wp\/v2\/pages\/8\/revisions"}],"predecessor-version":[{"id":4642,"href":"http:\/\/www.welcaresupply.com\/spanish\/wp-json\/wp\/v2\/pages\/8\/revisions\/4642"}],"wp:attachment":[{"href":"http:\/\/www.welcaresupply.com\/spanish\/wp-json\/wp\/v2\/media?parent=8"}],"curies":[{"name":"wp","href":"https:\/\/api.w.org\/{rel}","templated":true}]}}